0*z + 3. Let t be d(7). Let w = t - 409. Suppose -4*k - 4*m + 280 = k, -4*m - w = -4*k. Calculate the highest common factor of 8 and k.
8
Let a(b) = -7*b - 3. Let o be a(-4). Suppose 3*d = 101 + o. What is the greatest common factor of d and 14?
14
Let f be (-4)/14 - (-2920)/28. Let c be (0 - -26)*(-7)/(-14). What is the highest common factor of c and f?
13
Let x(c) = -c + 14. Let b(q) = -2*q + 27. Let n(y) = -3*b(y) + 7*x(y). Suppose 8 = 2*i - 6. Let v be n(i). Calculate the highest common divisor of 90 and v.
10
Let j be (12/8)/(3/80). What is the highest common divisor of 60 and j?
20
Suppose 4*i + w + 16 = 73, -i = 5*w. Let d = 5 + -5. Suppose d*t = -5*o - 3*t + 306, 0 = 4*o - t - 238. What is the highest common divisor of o and i?
15
Let y(p) = -p**3 - p**2 - 4*p + 2. Let v(s) = -s**3 - 6*s**2 + 3*s + 14. Let c be v(-6). Let a be y(c). Calculate the highest common divisor of a and 6.
6
Let w = -4 + 13. Calculate the greatest common divisor of 63 and w.
9
Let q = -81 - -131. What is the greatest common factor of 125 and q?
25
Suppose -l + 2*f = -f - 13, 0 = -2*l - 5*f - 18. What is the greatest common factor of 1 and l?
1
Let k be (36/(-2))/((-2)/(-6)). Let f be 9/15*(1 - k). Calculate the highest common divisor of f and 33.
33
Let d be (-6)/12 + 31/2. Let i be (d/(-12))/(2/(-88)). What is the highest common factor of 5 and i?
5
Suppose -2*l = 0, 24 = 5*g + 5*l + 9. Let r(z) = 2*z**2 - 2. Let c be r(g). Let h be (-3)/4 - (-3230)/40. Calculate the greatest common factor of c and h.
16
Let a = 4 - 4. Let l = 4 - a. What is the highest common divisor of l and 12?
4
Let p = -290 - -512. Let j = 429 - p. Calculate the greatest common divisor of j and 23.
23
Let v(c) = -14*c. Let j be v(-1). Calculate the highest common divisor of j and 70.
14
Suppose -40 = -0*s - 2*s. Calculate the highest common divisor of 180 and s.
20
Let z(t) be the third derivative of t**6/120 - t**5/10 - t**4/6 + t**3/2 + 5*t**2. Let g be z(7). Calculate the greatest common factor of 8 and g.
8
Suppose 0 = 5*b - 4*r - 6, 5*b - 3*b + 2*r = -12. Let n be (1 - b) + 1 + 1. Suppose 0 = -3*m + n*m - 2. Calculate the greatest common divisor of m and 8.
1
Let i(k) = k**3 - 4*k**2 + 2*k - 7. Let r be i(5). Let n be -3 - r/(-6)*3. Suppose -2*p + 11 = -p. What is the highest common factor of p and n?
11
Let d be ((-21)/(-7))/(2 + 26/(-14)). Suppose 0 = -2*f + 4 + 10. Calculate the greatest common factor of d and f.
7
Let g = -14 + 49. Calculate the highest common factor of 7 and g.
7
Suppose -4*f + 12 = -3*f. Calculate the greatest common divisor of 4 and f.
4
Let i be (1/((-1)/(-8)))/1. Let g(z) = z**3 + 6*z**2 + z + 7. Let u be g(-6). What is the greatest common divisor of u and i?
1
Let b be 2320/35 - 6/21. Calculate the greatest common factor of b and 33.
33
Suppose 0 = 2*j + t - 38, -2*t = 4*j + 2*t - 68. What is the greatest common divisor of j and 63?
21
Let a = 26 - 54. Let f = a - -43. What is the highest common factor of f and 10?
5
Let r(d) = d + 13. Let k be r(-12). What is the highest common divisor of k and 11?
1
Let h be 1012/3*6/(-4). Let a = h + 289. Let m = -133 - a. Calculate the greatest common factor of m and 12.
12
Suppose -6*k + 219 + 69 = 0. Calculate the greatest common divisor of 60 and k.
12
Let b = -8 + 9. Let x = -1 + b. Let c = 14 + x. What is the highest common divisor of c and 14?
14
Suppose v + v - 8 = 0. Let i(j) = -9*j + 2. Suppose -5*x - 3 - 12 = 0, -8 = -2*y + 4*x. Let t be i(y). What is the greatest common divisor of t and v?
4
Let w(t) = -t**3 - 25*t**2 + 25*t - 5. Let b be w(-26). What is the highest common factor of 42 and b?
21
Suppose 2*t = -g + 45, 10 = -4*g - 2. Let a(p) = p**3 - 8*p**2 + 4*p - 12. Let k be a(8). Suppose 2*u - 4 - k = 0. What is the highest common factor of u and t?
12
Let l = -16 + 13. Let h be (-57)/(-4) - l/(-12). Suppose 0*r = 3*r - 378. What is the highest common divisor of r and h?
14
Let j(l) = l**2 + 9*l - 8. Let p be j(-13). Calculate the greatest common divisor of 22 and p.
22
Let g = -220 + 126. Let t = g + 202. Let z = -15 + 27. What is the highest common divisor of t and z?
12
Let l(b) = -107*b - 2. Let i be l(-3). Suppose -5*f + i = -2*k, -2*f + 5*k + 163 - 48 = 0. Calculate the highest common factor of f and 13.
13
Suppose 552 = 4*s + 20. Suppose m = s - 7. What is the highest common factor of 18 and m?
18
Let q = 49 + -38. Calculate the highest common factor of 77 and q.
11
Let g(c) = -c**3 + 8*c**2 - 6*c - 4. Let m be g(7). Let v be 0*(0/m + 1). Suppose v*w - 3*w = -27. What is the highest common divisor of 36 and w?
9
Let x(w) = -6*w - 11. Let z be x(-6). Calculate the greatest common divisor of z and 100.
25
Suppose 5*z - 51 = -3*y - 17, -10 = -y - 2*z. Calculate the highest common divisor of y and 45.
9
Suppose 52 = 4*n - q, -2*q = -3*n - 7*q + 39. Suppose -4*l + 2*l = -52. Calculate the greatest common factor of l and n.
13
Let a(o) = o**3 + 11*o**2 - 11*o + 14. Let r be a(-12). Suppose 2*n - 48 = -3*q, r*q - n - 39 = -q. What is the greatest common divisor of q and 2?
2
Let s be (-2 - (-22)/10) + 658/10. Let t = 3 + -14. Let p = -5 - t. What is the highest common factor of s and p?
6
Let r be 2 + (2 - 1) - (-5 + -1). Let g = -32 - -66. Let i = 29 + g. Calculate the highest common divisor of r and i.
9
Let h = 6 + 18. Calculate the greatest common factor of 3 and h.
3
Let f = 132 + -122. Suppose -2*k = -k - 110. What is the greatest common factor of f and k?
10
Suppose 3*l = 4*l. Let a = 5 + -17. Let s be a*9/(-6) + l. Calculate the greatest common factor of s and 27.
9
Let c(j) = j**2 + 2*j + 1. Let k be c(-2). Let s be -3 - (k + -44)*1. Calculate the highest common factor of s and 4.
4
Suppose -4*w + 5*n + 25 = 0, 3*w - 42 = -0*n - 4*n. What is the highest common divisor of 15 and w?
5
Let w be (-6 - -3) + 1 - -12. Let u = w - 6. What is the highest common divisor of 28 and u?
4
Let l(u) = u**3 + 4*u**2 - 3*u - 2. Let p be -2 + 3/(-1)*1. Let s be l(p). Let k = s - -36. Calculate the highest common divisor of k and 12.
12
Suppose -7*x = 3*q - 2*x - 195, -q - 4*x + 58 = 0. What is the greatest common divisor of 14 and q?
14
Suppose 0*g = -4*g + 36. What is the greatest common divisor of g and 18?
9
Let k(q) = -4*q - 5. Let f be k(5). Let p = f + 15. Let v = 24 + p. What is the highest common divisor of v and 35?
7
Let m(o) = -12*o**2 + 4*o - 1. Let a(l) = -11*l**2 + 4*l - 1. Let y(f) = -6*a(f) + 5*m(f). Let j be y(-2). What is the greatest common divisor of j and 3?
3
Let i = 306 - -9. What is the highest common divisor of i and 35?
35
Suppose -5*g + 16 + 104 = 0. What is the greatest common divisor of 16 and g?
8
Suppose -3*j = j - 20. What is the greatest common factor of 35 and j?
5
Suppose -2*x - 2*b + 18 = -4, b = 4*x - 54. Let u = 75 + x. Suppose -2*j + 8 = -3*g + 34, 0 = g + j - 7. Calculate the greatest common factor of u and g.
8
Let t be 192/9 - (-2)/(-6). What is the greatest common divisor of t and 84?
21
Let u(a) = 69*a**3 - a**2 + 2*a - 1. Suppose 2*d = 6*d - 4. Let o be u(d). Let q = o - 3. Calculate the highest common divisor of 6 and q.
6
Let w = 61 - 17. Suppose 5*d = w + 166. What is the greatest common factor of d and 28?
14
Let v(d) = -d**2 - 7*d. Let a be v(-5). Suppose 95 = 2*i + 5*j, 0 = -4*j + 1 - 5. What is the highest common divisor of i and a?
10
Suppose 2*q - 54 = c, -3*q + 2*q + 3*c = -37. What is the highest common divisor of q and 10?
5
Let w = -239 - -383. What is the highest common divisor of w and 16?
16
Let r(x) = 44*x + 6. Let f be r(4). Calculate the highest common divisor of f and 26.
26
Suppose -1307 = -4*y + c, -330 = -y - 6*c + 3*c. Suppose 3*b = -5*l + 2*l + 543, 5*l = 2*b - y. Calculate the greatest common factor of b and 16.
16
Let m(p) = -3*p**2 - 3*p. Let y be m(-2). Let g(q) = -q**2 - 7*q - 3. Let d be g(y). What is the highest common divisor of 12 and d?
3
Let k(j) = 1 - 1 - j. Let i be k(-2). Calculate the highest common factor of i and 10.
2
Let j = 54 + -20. Calculate the highest common factor of 17 and j.
17
Let f(t) = -75*t**2 - 20*t + 6. Let d(w) = -25*w**2 - 7*w + 2. Let b(o) = 17*d(o) - 6*f(o). Let i be b(2). Calculate the highest common divisor of 20 and i.
20
Suppose 11*q - 25 = 6*q. Suppose -93 = -q*y + 512. Suppose -v + n = 4*v - 54, 2*